= 4*v**3 - 16*v**2 - 6*v - 46. Let s(j) = -5*b(j) + 6*f(j). Give s(0).
-41
Suppose -67*i + 64*i = 9. Let p(b) = 3 + 14*b + 6 + 4 - 16*b - 20. What is p(i)?
-1
Let v = -215 + 218. Let w(z) = -1176 + v*z + 2353 - 1183. Give w(-5).
-21
Let v be (-4 - -14)/(1 - -1). Let l(k) = -4 - 3 - v*k + 8. Suppose 0 = -6*r + 11*r + 15. What is l(r)?
16
Let c be -19 + (11 - 60/15). Let n(d) = 2*d + 31. Calculate n(c).
7
Let x(u) be the first derivative of 2/3*u**3 - 56 + 5/2*u**2 - 8*u. Give x(-6).
34
Let k be 4/14 + 220/308. Let h(j) = -23*j**2 - 2. Let o = -4 + 5. Let r(u) = u**2 + 1. Let i(v) = o*h(v) + r(v). Give i(k).
-23
Let k(t) = 5*t - 32. Suppose 9041*f - 9017*f = 96. Calculate k(f).
-12
Let u = -48 + 36. Let b = u - -6. Let a be (16/(-6))/(4/b). Let y(k) = k - 4. What is y(a)?
0
Let b(p) = -1 + p - 1 + 1 - 2*p - 1. Let d = 448 + -454. What is b(d)?
4
Let s be (28/35)/((-2)/10) - -8. Let j(r) = -3*r**2 + 17*r - 14. Calculate j(s).
6
Suppose 12*n - 3 = 9*n, 4*n = 2*s + 8. Let v(r) = -11*r**2 + 2*r + 7. What is v(s)?
-41
Let p(t) = -40*t - 182. Let n(b) = b + 4. Let l(a) = -168*n(a) - 4*p(a). Calculate l(5).
16
Let a(o) = -o**3 + 5*o**2 - 5*o + 2. Let y be a(4). Let m(w) = -w + 2. Let d(x) = 4 - 10 + 5 - 9 + 6*x. Let v(c) = -2*d(c) - 11*m(c). What is v(y)?
0
Let v(o) = o**3 + 9*o**2 + 11*o + 34. Suppose -4*p + 149*j - 50 = 152*j, j - 10 = 2*p. Calculate v(p).
10
Let x(c) = -2*c**2 - 37*c + 18. Let i(s) = -s**3 - 16*s**2 + 35*s - 39. Let k be i(-18). What is x(k)?
-87
Let j(w) = 3*w + 6*w**2 + 136246 - 136238 - 4*w**2 + 3*w. Calculate j(-3).
8
Let p be 2/7 + (-12288)/(-112). Let m(o) = 0*o - 109 - p + 217 - 2*o. Give m(5).
-12
Let y be 28/42 - (-5)/6. Let o(x) be the second derivative of y*x**3 + 0*x**2 + 0 + 14*x. Determine o(-1).
-9
Suppose 0 = q + 4*q - 15. Let d(r) = 2*r**3 - 12*r**2 - 10*r - 21. Let f(y) = -y**3 + 6*y**2 + 5*y + 11. Let s(o) = q*d(o) + 5*f(o). Determine s(7).
6
Let f(o) = 8*o - 9. Let g(q) = -7*q + 9. Let a(x) = -3*f(x) - 4*g(x). Let u(v) = 3*v - 7. Let b(j) = 4*a(j) - 5*u(j). Give b(3).
2
Let x(s) be the first derivative of -s**4/4 + 2*s**3 + 6*s**2 + 37*s + 222. Let n be x(8). Let c(a) = a**3 - 4*a**2 - 2*a + 7. Calculate c(n).
22
Let w(g) be the first derivative of g**4 + g**2/2 + 6. Suppose 3*x + 0*x = x. Suppose -a = -2*s - 1, -2 = 5*s - 3*a - x. Determine w(s).
-5
Let t(x) be the third derivative of 71 + 1/12*x**4 + 1/60*x**5 + 1/3*x**3 + 0*x - x**2. Give t(-3).
5
Let f(g) = 8*g**2 + 126*g - 60. Let k(o) = -15*o**2 - 235*o + 119. Let x(t) = -11*f(t) - 6*k(t). Determine x(2).
2
Let y(i) = -i**3 - 89*i**2 - 24 + 95*i**2 + 171*i - 86*i + 0*i**3 - 73*i. Calculate y(7).
11
Let t(w) = -4 + w + 1 + 0*w. Suppose -3*b + 552 - 3916 = 2*s, -5*s = b + 1143. Let m = b - -1120. What is t(m)?
-1
Let m be (3/(-2))/((-3)/16). Let i(u) = 11*u**3 + 6*u**2 - 62*u + 15. Let n(b) = 8*b**3 + 5*b**2 - 46*b + 11. Let x(d) = 11*i(d) - 15*n(d). What is x(m)?
0
Let a(n) = 10*n**2 + 344*n + 124. Let v be a(-34). Let b(w) = -w**3 - 13*w**2 - 16*w - 52. What is b(v)?
-4
Let j be 10/120*30*4/30*27. Let k(s) be the third derivative of s**5/60 - 3*s**4/8 + s**3/2 + 7*s**2. Calculate k(j).
3
Let x(m) = 12*m**2 + 67*m - 20. Let f(s) = 13*s**2 + 69*s - 17. Let l(h) = -10*f(h) + 11*x(h). Calculate l(-24).
-26
Suppose 2*b - 7 = 3. Let m(d) = d**3 + 7*d**2 - 3*d + 2. Let c(z) = -2*z**3 - 8*z**2 + 5*z - 2. Let v(u) = -2*c(u) - 3*m(u). Determine v(b).
-7
Let g(z) = 16*z**2 + 4*z + 3. Let t be (5 - (165/27 - 2/18)) + 0. What is g(t)?
15
Let b(x) = 3*x**2 + 7*x - 67. Suppose 35 = -5*p + a, -63*p - 4 = -59*p + 4*a. Let s be b(p). Let d(c) = 17*c**3 + 2*c**2 - c - 2. What is d(s)?
-16
Let r(z) be the second derivative of z**4/6 - z**3/2 + z**2/2 + 540*z - 1. Let w be (-2 - 16/(-2)) + -2. Calculate r(w).
21
Let b(x) = x**2 + 6*x - 1. Let y(q) = 8*q + 5. Let d be y(0). Let l(k) = -k - 1. Let h be l(d). What is b(h)?
-1
Let u(g) = -g**3 - 8*g**2 - 10*g - 2. Let n(l) = -12*l + 281. Let z be n(24). Give u(z).
19
Let u(r) = 29*r + 162. Let x(w) = -344*w - 17206. Let p be x(-50). What is u(p)?
-12
Let f(u) be the third derivative of -1/24*u**4 + 32*u**2 + 0 + 1/6*u**3 - 2*u. Suppose 2*q = 5*g - 2*g - 16, 4*g - 18 = 2*q. Calculate f(g).
-1
Let r(k) = -k**2 - 3*k + 11. Let v be (8/7 + 67/(-469))*-4. Determine r(v).
7
Let j(x) = -x**2 - 7*x + 1. Let d(a) = -5*a - 28*a**2 + 9 + 3*a + 27*a**2. Let q be d(-4). Let v be ((-22)/(-55))/(q/5) + -7. Give j(v).
11
Let q = 12 - 8. Let r(t) = t**2 - 3*t - 14. Let d be r(6). Let k(z) = -d + 72*z - 71*z - 3. Give k(q).
-3
Let y(q) = -q**3 + 33*q**2 + 32*q + 83. Suppose 14 - 162 = -4*j - 12. Calculate y(j).
15
Let t(n) = -2 - 46*n + 34*n + 2 + 3. Determine t(-1).
15
Suppose -l - 16 + 18 = 0. Suppose 5*j - 14 = -l*j. Let t(g) = 0*g - g**3 + 3*g**j + 4 + 5*g - g. Calculate t(4).
4
Let r(b) = -49*b - 160. Let u(y) = -54*y - 143. Let l(z) = -4*r(z) + 3*u(z). Determine l(-6).
7
Let s(x) = 5*x - 3. Let b(p) = -24*p + 14. Let h(i) = -3*b(i) - 14*s(i). Suppose -145*l = -84*l + 122. Give h(l).
-4
Let z(j) = j**3 - 14*j**2 + 44*j + 9. Let r be z(9). Let w(m) = -m**2 - 16. Let k(b) = -b**2 - 17. Let u(f) = -2*k(f) + 3*w(f). Determine u(r).
-14
Let g(w) = 3 + 29 + 10213*w - 10212*w + 39. Calculate g(0).
71
Suppose -7*l = -b - 2*l + 27, -11 = -3*b + l. Let d(m) = 3*m - 28*m**2 - 161*m**3 + 7 + 22*m**b + 162*m**3. What is d(5)?
-3
Let l(r) be the third derivative of 0*r + 1/120*r**6 + 7/60*r**5 + 80*r**2 + 1/3*r**4 - 5/6*r**3 + 0. Suppose 4*m - m = -18. Calculate l(m).
-17
Suppose 0 = -245*d + 361*d - 696. Let s = 7 + -4. Let l(v) = 6*v**2 - v**s - 4*v**2 + 8*v + 2*v**2. What is l(d)?
-24
Let x be 20/(1/(-5) - (-14)/20). Suppose -x = 10*q - 80. Let t(j) = -j**3 + 6*j**2 - 5*j - 3. What is t(q)?
9
Let u(i) = -896*i - 898*i + 2689*i - 37 - 887*i + i**2. What is u(6)?
47
Suppose -8*u + u = -28. Suppose -4*x = -3*m - 24, 0*x + u*m = x - 19. Let v(z) = -87*z - x - 5 + 88*z. What is v(5)?
-3
Let w be (5 - 18/1) + 12. Let r(a) be the second derivative of -5*a + 1/2*a**2 + 0*a**3 + 0 + 7/12*a**4. What is r(w)?
8
Let b(m) = 39*m**3 - 30*m**2 + 10*m + 14. Let l(a) = -8*a**3 + 6*a**2 - 2*a - 3. Let r(o) = 6*b(o) + 29*l(o). What is r(4)?
37
Suppose 0 = 2*x - x - 7. Let r(a) = 4*a**3 - 10*a**2 - 6*a - 3. Let j(m) = -m**3 + m**2 + 3. Let d(p) = 3*j(p) + r(p). Calculate d(x).
-36
Let n(m) = -5*m**3 - 2*m**2 + 1. Suppose -3*a - 504 = 11*a. Let j = 3 + -1. Let i be a/(-24) - j/4. What is n(i)?
-6
Let m(g) = 7*g. Let u = 532 - 528. Suppose -q = o - u*o - 2, -5*q - 6 = o. Give m(o).
-7
Let t(z) = -z**3 + 10*z**2. Let d = -194 - -199. Let y be (-3)/5 + (68/d - 3). What is t(y)?
0
Let u(l) = -l**3 - 8*l**2 - l - 3. Let s(v) be the third derivative of 2*v**4/3 + 12*v**3 + 13*v**2. Let k be s(-5). Determine u(k).
5
Let i(z) = 2*z**2 - 18*z + 4. Let a be i(9). Suppose 9*b - 11*b = a*d + 30, 10 = -5*d + 3*b. Let s(o) = -o**3 - 6*o**2 + 2*o - 5. What is s(d)?
-40
Suppose -655*c + 460 = -747*c. Let v(x) = 2 - 4 + 6*x + 1. Let l(m) = -13*m + 3. Let k(a) = 3*l(a) + 7*v(a). Calculate k(c).
-13
Suppose 111*q - 19*q - 552 = 0. Let d(h) = -h**3 + 6*h**2 + 2*h - 3. Determine d(q).
9
Let n(y) = 3*y - 7. Let p = -162 - -232. Let h be ((-12)/14)/((-10)/p). Give n(h).
11
Suppose 6*n - 20 + 8 = 0. Suppose -a + 30 = n*a + 3*r, r + 10 = 3*a. Let v(i) = i + 2. What is v(a)?
7
Let f(i) = 1134*i - i**2 - 5 + 10 - 2266*i + 1133*i. Let a(n) = -5*n**2 + n. Let c be a(1). What is f(c)?
-15
Let r(i) = -i**2 - 8*i + 14. Suppose -3*c - 4*l - 48 = 0, -70 + 6 = 5*c + 4*l. Determine r(c).
14
Suppose -199*s + 3*g - 12 = -202*s, s - 3*g = 0. Let c(p) be the second derivative of 1/10*p**5 + 0*p**s + 0 - 16*p + 0*p**2 - 1/4*p**4. Calculate c(2).
4
Suppose 498*l - 584*l - 1634 = 0. Let x(v) = 11*v + 209. Give x(l).
0
Let r(g) = -9*g**2 + 49*g + 206. Let c(h) = -29*h**2 + 147*h + 721. Let p(i) = -2*c(i) + 7*r(i). Calculate p(9).
36
Let j(y) = -5*y**2 - 3*y**2 + 5*y + 0*y**2 - 12*y + 5*y**2. Give j(-3).
-6
Let a(w) = w**2 + 12*w + 15. Let f(q) be the third derivative of q**5/10 - 9*q**4/8 + 8*q**3/3 + 6*q**2 - 22*q. Let m be f(3). Determine a(m).
4
Let z(v) = v**3 - 5*v**2 - 7*v - 2. Let y(x) = -5*x**3 + 6*x**2 - x - 4. Let b(l) = l**3 - l**2. Let h(s) = -4*b(s) - y(s). Let g be h(2). What is z(g)?
-8
Let o be ((-